 -4*i - 2*o = -38. What is the units digit of i?
0
What is the units digit of (-1)/1*(2*7)/(-2)?
7
Let x = 1 - -1. Suppose 3*r + 2*z + 4 = -x, -3*z = -4*r + 9. Let i(a) = a**2 - a + 1. What is the units digit of i(r)?
1
Let j(a) = -2 + 8*a**2 + 6*a**3 - a - 7*a**3 + 4*a. What is the units digit of j(8)?
2
Suppose -o + 132 = 2*o. Suppose -3*v = 5*q - 55, -o = -4*q - 3*v - v. What is the tens digit of q?
1
What is the hundreds digit of 1773/6 - (-48)/(-32)?
2
Let x(t) = t**2 - 3*t - 7. Let l be x(6). Let r = 1 - -2. Suppose -s = -l + r. What is the units digit of s?
8
Suppose -l - b + 135 = l, -2*b - 132 = -2*l. What is the units digit of l?
7
Let w(b) = 11*b**3 + 2*b**2 - 3*b + 2. Let y be w(2). Suppose -y = -3*l - 2. Suppose 2*i = -i + l. What is the tens digit of i?
1
Suppose 5*f = -0*f + j + 1461, 0 = -2*f + j + 582. What is the tens digit of f?
9
Suppose 5*t + 6 = 5*k + 321, -5*k + 295 = 5*t. What is the units digit of t?
1
Let z = -3 + 19. What is the units digit of z?
6
Let c(w) = -3*w - 4. Let d be (-36)/8 + (-6)/(-4). Let k be c(d). Suppose -51 = -3*p + 5*q, -k*p = 4*q - q - 85. What is the tens digit of p?
1
Let d(a) = -a**2 + 11*a - 13. Let s be d(9). Let g = s - 3. Suppose 5*f - f - 4 = y, g*y = -4*f + 28. What is the units digit of y?
8
Let b be -1*41*7/7. Let q = 62 + b. What is the tens digit of q?
2
Suppose -3*j + 174 = -3*f, -32 - 28 = -j + 2*f. What is the tens digit of j?
5
Let a be ((-3 - -2) + 0)/1. Let p = a - -32. What is the tens digit of p?
3
Let i(n) = n**2 - 4*n. Let x(v) = -v**2 + 4*v - 1. Let o be x(2). Let l be i(o). What is the units digit of (1 - l)*(-4)/(-2)?
8
Let h(o) = -o**3 - 14*o**2 - 5*o + 36. What is the hundreds digit of h(-14)?
1
Suppose 69 = c - 36. What is the units digit of c?
5
Let j(s) = 5*s + 3 - 2*s - 2*s. Let g(x) = x**3 + 5*x**2 - 2*x - 4. Let p be g(-5). What is the units digit of j(p)?
9
Let a = 15 - 11. Let w be a/(-18) + (-120)/(-54). Suppose w*j - 71 = 5*t, 5*t + 20 = t. What is the tens digit of j?
2
Let c = -25 - -25. Suppose c = -4*r - 3*m + 58, m = -5*r - 0*m + 78. What is the tens digit of r?
1
Let s(r) = 8*r**2 + 11*r + 2. What is the tens digit of s(-6)?
2
Let w(r) = -r**3 - 3*r**2 - 6*r. What is the tens digit of w(-4)?
4
Let y be 1 - 3/3 - -4. Suppose 3*g - g = 2*n - 12, y*n - 24 = g. What is the units digit of n?
6
Let r = -6 + 9. Let p = r - 1. Let z = 13 - p. What is the tens digit of z?
1
Suppose -4*i - 4 = -24. Suppose 3*g + 35 = 4*o, -o + g = 2 - 12. Suppose -4*a = -o*p + 22 - 50, i*p - 68 = -4*a. What is the units digit of a?
2
Let i(t) = -t**2 + 7*t - 3. Let w be i(6). Suppose 0 = w*k - 4*h + 64, 0 = -3*k - h - 0*h - 59. Let l = k - -33. What is the tens digit of l?
1
Suppose 3*j - 38 = 5*w + 21, -3*j + 2*w + 65 = 0. What is the units digit of j?
3
What is the units digit of 0 - 7*(2 + -5)?
1
Suppose -5*k = -2*n - 0*k + 171, 390 = 5*n - 5*k. Suppose -2*i = -5*r + n, 3*r = -2*i + 4*i + 43. What is the tens digit of r?
1
Let r(n) = n**3 + 9*n**2 + 3 - 3*n**3 + 0*n**3 + n**3. Let v be r(9). Suppose -54 = -4*u - y, 37 = v*u + 2*y - 3*y. What is the units digit of u?
3
Let d(u) = -5*u - 6. Suppose -12 - 15 = 3*r + 3*y, -5*r - 15 = -y. What is the units digit of d(r)?
4
Let w = -173 + 476. What is the units digit of w?
3
Let c(u) = u**2 + 5*u + 2. Let y be c(-3). Let k = 8 + y. Suppose 0*v + v = -k*w + 2, -5*v + w = -10. What is the units digit of v?
2
Let h = -109 + 204. What is the units digit of h?
5
Suppose -8 = 4*w, -5*s - 3*w = -0*w - 4. Suppose 0 = -2*d + 34 - s. What is the tens digit of d?
1
Let u be ((-210)/25)/((-3)/10). Let d be (-36)/21 + (-8)/u. Let t = 2 - d. What is the units digit of t?
4
Let o(n) = 2*n + 13. What is the units digit of o(8)?
9
Suppose 0*t = -w + t, 4*t = -w - 10. Let b(h) be the first derivative of 2*h**3/3 + h**2 - 2*h + 1. What is the units digit of b(w)?
2
Let s(i) = -5*i - 5*i - 3 - 3*i. Let f be s(-2). Suppose 2*o - c + 4*c - 6 = 0, 0 = -3*o - c + f. What is the units digit of o?
9
Suppose 2*m = 3*m, 2*d - 8 = -m. Suppose 5*y + 112 = d*b + 23, 4*y = b - 36. What is the tens digit of b?
1
Suppose -s + 2*r = -r - 20, 2*s + 3*r = 4. What is the units digit of s?
8
Let o be 3 + -2 - (2 + -1). Suppose 3*w = -3*n + 15, 27 = 3*w - n - o*n. What is the units digit of w?
8
Let n(l) be the third derivative of -l**6/120 - 2*l**5/15 + 3*l**4/8 + 3*l**3/2 + l**2. Let c be (-16)/2 - (2 + -1). What is the units digit of n(c)?
9
Suppose 87 - 7 = 5*q. What is the tens digit of q?
1
Let x(u) = u. Let b(v) = -v**2 + 6*v + 6. Let p(r) = -b(r) + 3*x(r). What is the units digit of p(5)?
4
Let t(j) = 3*j**2 + 16*j - 24. What is the hundreds digit of t(6)?
1
Let m be (10/5)/(2/5). Suppose 19 = a - m. What is the tens digit of a?
2
Let b = 1 + -12. Let v = -9 - b. What is the units digit of v?
2
Suppose 2*y - 6 = 0, -5*z + 5*y + 15 = -0*z. What is the tens digit of (-2 + 1)*-2*z?
1
What is the tens digit of (-3)/2*(-200)/12?
2
Let r(f) = 2*f - 5. Let v be r(6). Suppose 2*q = 4*k + 20, -2*q - v*k + 2 = -2*k. What is the units digit of q?
6
Let i(n) = n**3 + 9*n**2 - 9*n + 13. Let k be i(-10). Suppose -k = -l + 7. What is the units digit of l?
0
Let l(t) = t + 6. Let p be l(5). Suppose 0 = p*h - 7*h - 16. What is the units digit of h?
4
Let n = 2 - 3. Let a = 5 - 5. What is the units digit of 5*(0 - n - a)?
5
What is the tens digit of 5 - (4 - (305 + -3))?
0
Suppose 0 = d - 2*d + 22. What is the units digit of d?
2
Let j(m) be the third derivative of m**7/420 - m**5/120 - m**4/24 - m**2. Let q(i) be the second derivative of j(i). What is the units digit of q(-1)?
5
Let c = 11 + -7. Let k be 1 - (-5)/((-15)/(-6)). Suppose -21 = -c*d + k. What is the units digit of d?
6
Suppose -3*p = 4*d - 3, 5*p - 4*d - 5 = -2*d. What is the units digit of p?
1
Let d be -1 + 2 - 6/1. What is the units digit of (-128)/d + 4/10?
6
Suppose 0 = 4*g + y - 145, -2*g - 2*y + 150 = 2*g. Suppose -5*w = g - 170. What is the units digit of w?
7
What is the tens digit of 51 + 0 - 2*(-6)/(-4)?
4
Let x(m) = -8*m - 5. Let j be x(-6). Suppose 5*v + 68 = -2*t - 49, 3*t = 2*v + 43. Let n = v + j. What is the units digit of n?
0
Let q = 4 - -1. Suppose 0 = g + 2*g + w - 73, q*g = -2*w + 122. What is the tens digit of g?
2
Let t = -11 - -7. Let c = 5 - t. What is the units digit of c?
9
Suppose 0 = -0*f + f - 8. Let t = -4 + f. What is the units digit of t?
4
Let y(q) = 9*q**2 - 3*q**2 + 6*q + 7 - 2 + q**3. Let v be y(-5). What is the units digit of (-1)/(-1 - v - 0)?
1
Suppose 4*a - 15 = -3. Let l be a + (-3)/(-3) + 1. Let x(u) = -u**3 + 4*u**2 + 7*u - 3. What is the units digit of x(l)?
7
Let t = 40 - 29. Suppose 2*r + 3*s + 23 = 0, 4*s + 14 = -2*r - 12. Let k = r + t. What is the units digit of k?
4
Let x = -28 + 20. Let r = -6 - x. What is the units digit of (1 + r)/(-3) + 2?
1
Let l(u) = 2*u - 3. Let o be l(3). Suppose -2 + o = -b. What is the units digit of 1/b*(-21)/3?
7
Let i(n) = 6*n**2 + 9*n - 16. What is the tens digit of i(-5)?
8
Let b(r) = -5*r + 5*r - r + 6*r**3 + 8*r**3. Let m be b(-1). Let v = -9 - m. What is the units digit of v?
4
Let n be 0/2*2/(-4). Suppose 3*o = 3*i + 24, 4*o + i = -n*i + 37. What is the units digit of (o/3 - 2)*5?
5
Let f be ((-2)/5)/((-1)/75). Let y = f + -15. Suppose y = 4*a + a. What is the units digit of a?
3
Suppose 0 = -0*k + 5*k. Let u be 45/(-10)*(-4)/3. Suppose k = -d + 2*h + 13, -2*h = -5*d + u*d - 9. What is the tens digit of d?
1
Suppose 4*b - 4 = 2*c, 0*c + 4*c = 8. Let z = b - -3. What is the units digit of z?
5
Suppose -25*z = -20*z - 5. Let j be (2/6)/(3/9). What is the units digit of 0 + j + z + 3?
5
Suppose -3*i + 8*i - 765 = 0. What is the units digit of i?
3
Let g(j) = 6 - 1 + 5*j**2 - 9*j - 4*j**2. Let k be g(9). Suppose 43 = k*o + t, o - 1 = -2*t + 4. What is the units digit of o?
9
Suppose 4 = -w - 4. Let t = 1 - w. What is the units digit of t?
9
Suppose -2*d - 2*x = -x + 4, -4*x = 16. Suppose d = -2*r - 4. What is the units digit of -1*r/(-2) + 7?
6
Let u be (2/4)/((-4)/8). Let k(o) = 2*o**2 - o - 1. What is the units digit of k(u)?
2
Let f(q) = -8*q**2 - 5*q + 20. Let v(r) = 7*r**2 + 4*r - 19. Let n(j) = 6*f(j) + 7*v(j). What is the units digit of n(-6)?
5
Let p(o) = 14*o**3 + 2*o**2 + 2*o + 1. What is the units digit of p(2)?
5
Let v 